osite number?
False
Is 2199817 prime?
False
Is 88951 a prime number?
True
Is 348193 prime?
False
Is 35311 a composite number?
False
Is 40343 a composite number?
False
Is 3181 prime?
True
Is 1702739 composite?
False
Is 13309 a composite number?
False
Is 1186693 composite?
False
Is 4367 composite?
True
Is 205297 a prime number?
True
Is 153673 a prime number?
False
Is 1536685 a prime number?
False
Is 458353 a composite number?
True
Is 14954 a prime number?
False
Is 34507 a composite number?
True
Is 10497 prime?
False
Is 47581 a composite number?
False
Is 30983 a composite number?
False
Is 3997 prime?
False
Is 2819933 composite?
False
Is 69371 a composite number?
False
Is 126449 a composite number?
True
Is 521 a prime number?
True
Is 11113 a prime number?
True
Is 85991 a prime number?
True
Is 517541 prime?
False
Is 1171 composite?
False
Is 23687 prime?
True
Is 4133915 a composite number?
True
Is 13033 a composite number?
False
Is 624221 a prime number?
False
Is 39019 prime?
True
Is 14621 prime?
True
Is 72161 composite?
False
Is 122069 a prime number?
True
Is 924515 prime?
False
Is 3493 prime?
False
Is 385991 a composite number?
False
Is 79757 a composite number?
False
Is 65539 composite?
False
Is 13263 prime?
False
Is 33791 prime?
True
Is 51971 prime?
True
Is 4331 prime?
False
Is 21029 prime?
False
Is 65761 prime?
True
Is 19645 composite?
True
Is 69851 a prime number?
False
Is 337 prime?
True
Is 118091 composite?
True
Is 1210947 prime?
False
Is 3109 composite?
False
Is 161363 a composite number?
False
Is 14621 a prime number?
True
Is 964253 a composite number?
False
Is 159781 composite?
True
Is 3329 prime?
True
Is 21623 a prime number?
False
Is 9589 prime?
False
Is 21929 a composite number?
False
Is 153817 composite?
False
Is 23809 a composite number?
True
Is 391523 composite?
True
Is 8581 prime?
True
Is 2546239 composite?
False
Is 8209 a composite number?
False
Is 6347 composite?
True
Is 326513 prime?
False
Is 6737 a composite number?
False
Is 8147 a composite number?
False
Is 40739 a prime number?
True
Is 10369 a composite number?
False
Is 223999 a composite number?
False
Is 19237 prime?
True
Is 9722 a prime number?
False
Is 1583 prime?
True
Is 9287 a composite number?
True
Is 47239 prime?
False
Is 144719 composite?
False
Is 249967 a composite number?
False
Is 21961 composite?
False
Is 32309 a composite number?
False
Is 298673 a prime number?
False
Is 642454 a prime number?
False
Is 398813 a composite number?
False
Is 6927 a composite number?
True
Is 6109 a composite number?
True
Is 4537 a prime number?
False
Is 32311 prime?
False
Is 40009 a composite number?
False
Is 120641 a prime number?
True
Is 234077 a composite number?
True
Is 635781 a prime number?
False
Is 1361 a prime number?
True
Is 213791 a composite number?
False
Is 17159 a prime number?
True
Is 7655 a prime number?
False
Is 13641 composite?
True
Is 149 composite?
False
Is 158287 a composite number?
True
Is 1541 composite?
True
Is 910849 a prime number?
True
Is 1573391 prime?
True
Is 802573 a prime number?
True
Is 188827 prime?
True
Is 14095 composite?
True
Is 1099 a composite number?
True
Is 45433 a composite number?
False
Is 619511 composite?
False
Is 27361 composite?
False
Is 13829 composite?
False
Is 118961 composite?
True
Is 3238 composite?
True
Is 13061 composite?
True
Is 10297 prime?
False
Is 373837 a prime number?
True
Is 8779 a prime number?
True
Is 1165481 prime?
False
Is 357095 composite?
True
Is 24659 composite?
False
Is 670177 composite?
False
Is 826849 composite?
False
Is 308663 a composite number?
False
Is 132631 a composite number?
False
Is 10645 a composite number?
True
Is 11855 a composite number?
True
Is 199787 composite?
True
Is 28921 a composite number?
False
Is 51577 a composite number?
False
Is 328057 composite?
True
Is 7297 a prime number?
True
Is 310721 a prime number?
True
Is 9151 a prime number?
True
Is 8887 prime?
True
Is 126743 a composite number?
False
Is 298 a prime number?
False
Is 2105041 a prime number?
False
Is 71191 a composite number?
False
Is 89877 a composite number?
True
Is 10679 a prime number?
False
Is 1239505 prime?
False
Is 11027 a composite number?
False
Is 26261 a prime number?
True
Is 90221 a prime number?
False
Is 16427 composite?
False
Is 4049 prime?
True
Is 60617 a composite number?
False
Is 46573 prime?
True
Is 1361 prime?
True
Is 215719 composite?
True
Is 1539521 prime?
True
Is 212447 composite?
False
Is 307415 prime?
False
Is 247991 a prime number?
True
Is 648013 prime?
False
Is 395953 composite?
False
Is 38615 composite?
True
Is 7411 prime?
True
Is 479357 composite?
False
Is 32993 a composite number?
False
Is 267097 a prime number?
True
Is 37403 a prime number?
False
Is 84121 a prime number?
True
Is 28306 a composite number?
True
Is 1282 prime?
False
Is 8098 a composite number?
True
Is 6317 prime?
True
Is 307079 prime?
True
Is 187003 composite?
False
Is 5827021 a composite number?
True
Is 66457 a prime number?
True
Is 1668211 composite?
False
Is 37574 a composite number?
True
Is 9461 a composite number?
False
Is 1329961 a composite number?
True
Is 15781 composite?
True
Is 154897 prime?
True
Is 17467 prime?
True
Is 9517 a prime number?
False
Is 262937 a prime number?
True
Is 1811 composite?
False
Is 45179 a prime number?
True
Is 606941 a composite number?
True
Is 8254 prime?
False
Is 7003 a prime number?
False
Is 14107 a composite number?
False
Is 11465 a prime number?
False
Is 175611 a prime number?
False
Is 7993 composite?
False
Is 19007 a composite number?
True
Is 36987 a composite number?
True
Is 19243 a composite number?
True
Is 462589 a composite number?
False
Is 703037 a prime number?
False
Is 473719 a prime number?
True
Is 21647 a prime number?
True
Is 3140581 a prime number?
False
Is 5227 a prime number?
True
Is 173354 prime?
False
Is 2513 a prime number?
False
Is 3079 composite?
False
Is 33791 prime?
True
Is 3649 composite?
True
Is 8861 prime?
True
Is 461843 a prime number?
True
Is 96257 a prime number?
False
Is 12515 composite?
True
Is 166813 a composite number?
True
Is 50981 prime?
False
Is 35393 prime?
True
Is 853357 prime?
True
Is 24593 a prime number?
True
Is 121997 composite?
False
Is 269887 prime?
True
Is 2741 composite?
False
Is 9527 a composite number?
True
Is 53129 a composite number?
False
Is 456277 composite?
True
Is 459605 a composite number?
True
Is 8849 a composite number?
False
Is 652691 composite?
True
Is 1139 prime?
False
Is 43331 composite?
False
Is 38733 prime?
False
Is 1768981 a prime number?
False
Is 30815 prime?
False
Is 6941 a prime number?
False
Is 154859 a prime number?
False
Is 749135 prime?
False
Is 369097 composite?
False
Is 117647 composite?
True
Is 104147 composite?
False
Is 420467 a composite number?
False
Is 4691 prime?
True
Is 11369 a composite number?
False
Is 38629 composite?
False
Is 343037 a composite number?
False
Is 1973 prime?
True
Is 317999 prime?
False
Is 26669 prime?
True
Is 13043 composite?
False
Is 42677 a composite number?
False
Is 65899 composite?
False
Is 52489 composite?
False
Is 108913 composite?
True
Is 12193 composite?
True
Is 381709 composite?
True
Is 236633 a composite number?
True
Is 120418 prime?
False
Is 67823 a composite number?
True
Is 50627 a prime number?
True
Is 44801 a composite number?
True
Is 48338 prime?
False
Is 130769 composite?
False
Is 8179 prime?
True
Is 65635 composite?
True
Is 25097 prime?
True
Is 47327 composite?
True
Is 4193 a composite number?
True
Is 598265 a prime number?
False
Is 39777 composite?
True
Is 34421 prime?
True
Is 397901 prime?
False
Is 104507 a composite number?
True
Is 66821 prime?
True
Is 56857 a composite number?
False
Is 989 composite?
True
Is 921 a prime number?
False
Is 541 composite?
False
Is 1459631 composite?
False
Is 45481 composite?
False
Is 5479 composite?
False
Is 10651 prime?
True
Is 6121 prime?
True
Is 103769 a composite number?
False
Is 3671 a composite number?
False
Is 23473 a prime number?
True
Is 15233 composite?
False
Is 445741 a composite number?
False
Is 56986 prime?
False
Is 3163 a composite number?
False
Is 1200179 composite?
False
Is 13523 prime?
True
Is 115531 composite?
True
Is 36293 a composite number?
False
Is 5471 composite?
False
Is 527429 prime?
False
Is 7063 a prime number?
False
Is 458803 a pr